nds digit of 40031?
0
What is the hundreds digit of 486?
4
What is the tens digit of 2793?
9
What is the hundreds digit of 83123?
1
What is the hundreds digit of 5326?
3
What is the hundreds digit of 1633?
6
What is the hundreds digit of 1025?
0
What is the units digit of 628?
8
What is the hundreds digit of 447?
4
What is the tens digit of 19993?
9
What is the tens digit of 3299?
9
What is the units digit of 7648?
8
What is the tens digit of 9834?
3
What is the tens digit of 443?
4
What is the hundreds digit of 12477?
4
What is the thousands digit of 7172?
7
What is the thousands digit of 1885?
1
What is the units digit of 902?
2
What is the hundreds digit of 2069?
0
What is the tens digit of 549?
4
What is the tens digit of 2698?
9
What is the tens digit of 78584?
8
What is the thousands digit of 53701?
3
What is the hundreds digit of 663?
6
What is the thousands digit of 8240?
8
What is the units digit of 3856?
6
What is the thousands digit of 1281?
1
What is the hundreds digit of 790?
7
What is the ten thousands digit of 20042?
2
What is the tens digit of 10972?
7
What is the hundreds digit of 366?
3
What is the tens digit of 7616?
1
What is the thousands digit of 15948?
5
What is the units digit of 502?
2
What is the tens digit of 5120?
2
What is the hundreds digit of 25248?
2
What is the hundreds digit of 127761?
7
What is the ten thousands digit of 53004?
5
What is the thousands digit of 10323?
0
What is the thousands digit of 1006?
1
What is the units digit of 8795?
5
What is the tens digit of 5429?
2
What is the ten thousands digit of 87106?
8
What is the ten thousands digit of 30208?
3
What is the hundreds digit of 3247?
2
What is the units digit of 3871?
1
What is the tens digit of 6926?
2
What is the hundreds digit of 2896?
8
What is the units digit of 118303?
3
What is the tens digit of 43176?
7
What is the units digit of 64842?
2
What is the tens digit of 7299?
9
What is the tens digit of 325?
2
What is the hundred thousands digit of 179601?
1
What is the units digit of 33727?
7
What is the hundreds digit of 242?
2
What is the thousands digit of 48509?
8
What is the tens digit of 2596?
9
What is the tens digit of 5751?
5
What is the tens digit of 24343?
4
What is the tens digit of 47983?
8
What is the thousands digit of 71771?
1
What is the thousands digit of 2825?
2
What is the tens digit of 8804?
0
What is the tens digit of 536?
3
What is the ten thousands digit of 15838?
1
What is the thousands digit of 84744?
4
What is the units digit of 663?
3
What is the thousands digit of 37609?
7
What is the units digit of 10057?
7
What is the thousands digit of 17008?
7
What is the tens digit of 23779?
7
What is the tens digit of 379?
7
What is the tens digit of 534?
3
What is the tens digit of 50262?
6
What is the units digit of 15210?
0
What is the tens digit of 3131?
3
What is the tens digit of 937?
3
What is the units digit of 1408?
8
What is the tens digit of 4526?
2
What is the thousands digit of 5916?
5
What is the hundreds digit of 419?
4
What is the units digit of 5262?
2
What is the thousands digit of 69181?
9
What is the ten thousands digit of 29981?
2
What is the tens digit of 2934?
3
What is the hundreds digit of 1789?
7
What is the units digit of 5156?
6
What is the units digit of 373?
3
What is the hundreds digit of 6519?
5
What is the tens digit of 2332?
3
What is the hundreds digit of 284?
2
What is the ten thousands digit of 14451?
1
What is the hundreds digit of 58488?
4
What is the units digit of 41068?
8
What is the thousands digit of 1025?
1
What is the ten thousands digit of 46217?
4
What is the ten thousands digit of 12248?
1
What is the tens digit of 1323?
2
What is the units digit of 32027?
7
What is the thousands digit of 4500?
4
What is the tens digit of 1387?
8
What is the thousands digit of 4768?
4
What is the ten thousands digit of 21568?
2
What is the thousands digit of 74822?
4
What is the units digit of 29174?
4
What is the units digit of 317?
7
What is the tens digit of 7447?
4
What is the thousands digit of 3806?
3
What is the thousands digit of 19973?
9
What is the units digit of 3194?
4
What is the hundreds digit of 6041?
0
What is the hundreds digit of 5711?
7
What is the units digit of 841?
1
What is the hundred thousands digit of 141237?
1
What is the hundreds digit of 35467?
4
What is the hundreds digit of 8100?
1
What is the thousands digit of 2252?
2
What is the hundreds digit of 21777?
7
What is the tens digit of 5871?
7
What is the tens digit of 672?
7
What is the units digit of 12127?
7
What is the hundreds digit of 16835?
8
What is the ten thousands digit of 104622?
0
What is the thousands digit of 16438?
6
What is the tens digit of 1828?
2
What is the tens digit of 2979?
7
What is the hundreds digit of 521?
5
What is the thousands digit of 8554?
8
What is the units digit of 4892?
2
What is the tens digit of 294?
9
What is the thousands digit of 6342?
6
What is the tens digit of 36191?
9
What is the thousands digit of 2405?
2
What is the tens digit of 18543?
4
What is the units digit of 138018?
8
What is the thousands digit of 2920?
2
What is the tens digit of 6489?
8
What is the tens digit of 13328?
2
What is the units digit of 911?
1
What is the ten thousands digit of 18265?
1
What is the units digit of 37618?
8
What is the ten thousands digit of 52183?
5
What is the units digit of 15?
5
What is the tens digit of 896?
9
What is the tens digit of 911?
1
What is the thousands digit of 2998?
2
What is the thousands digit of 17613?
7
What is the thousands digit of 11517?
1
What is the hundreds digit of 69095?
0
What is the hundreds digit of 84224?
2
What is the units digit of 56614?
4
What is the hundreds digit of 4200?
2
What is the hundreds digit of 755?
7
What is the units digit of 1481?
1
What is the hundreds digit of 275?
2
What is the hundreds digit of 817?
8
What is the tens digit of 2625?
2
What is the thousands digit of 5626?
5
What is the hundreds digit of 218?
2
What is the units digit of 1739?
9
What is the ten thousands digit of 33026?
3
What is the tens digit of 34856?
5
What is the thousands digit of 3839?
3
What is the hundreds digit of 1520?
5
What is the hundreds digit of 6879?
8
What is the units digit of 2510?
0
What is the hundreds digit of 656?
6
What is the hundreds digit of 58154?
1
What is the tens digit of 8692?
9
What is the hundreds digit of 4210?
2
What is the tens digit of 1226?
2
What is the hundreds digit of 1703?
7
What is the units digit of 782?
2
What is the thousands digit of 7711?
7
What is the hundreds digit of 1168?
1
What is the hundreds digit of 1273?
2
What is the thousands digit of 4548?
4
What is the tens digit of 160785?
8
What is the tens digit of 14448?
4
What is the hundreds digit of 662?
6
What is the tens digit of 8275?
7
What is the thousands digit of 5580?
5
What is the tens digit of 336?
3
What is the tens digit of 3623?
2
What is the units digit of 4177?
7
What is the tens digit of 1655?
5
What is the units digit of 87?
7
What is the tens digit of 720?
2
What is the hundreds digit of 18740?
7
What is the thousands digit of 26545?
6
What is the hundreds digit of 1511?
5
What is the ten thousands digit of 126286?
2
What is the thousands digit of 14439?
4
What is the ten thousands digit of 37379?
3
What is the thousands digit of 1778?
1
What is the tens digit of 223?
2
What is the ten thousands digit of 44964?
4
What is the tens digit of 2925?
2
What is the thousands digit of 16760?
6
What is the units digit of 2092?
2
What is the tens digit of 1329?
2
What is the units digit of 3161?
1
What is the thousands digit of 1051?
1
What is the thousands digit of 61351?
1
What is the hundreds digit of 4050?
0
What is the thousands digit of 13125?
3
What is the ten thousands digit of 74664?
7
What is the units digit of 13570?
0
What is the tens digit of 4558?
5
What is the tens digit of 12253?
5
What is the units digit of 1431?
1
What is the tens digit of 2208?
0
What is the units digit of 770?
0
What is the thousands digit of 3192?
3
What is the thousands digit of 10271?
0
What is the hundreds digit of 255?
2
What is the thousands digit of 8770?
8
What is the hundreds digit of 1986?
9
What is the thousands digit of 3218?
3
What is the units digi